{"id":247,"date":"2022-04-08T13:32:45","date_gmt":"2022-04-08T13:32:45","guid":{"rendered":"https:\/\/www.generaciohang.hu\/?page_id=247"},"modified":"2022-04-08T14:48:26","modified_gmt":"2022-04-08T14:48:26","slug":"kuratorium","status":"publish","type":"page","link":"https:\/\/www.generaciohang.hu\/?page_id=247","title":{"rendered":"Kurat\u00f3rium"},"content":{"rendered":"\n<figure class=\"wp-block-image size-large is-resized is-style-default\"><img loading=\"lazy\" src=\"https:\/\/www.generaciohang.hu\/wp-content\/uploads\/2022\/04\/Nevtelen-1-1024x313.png\" alt=\"\" class=\"wp-image-280\" width=\"1024\" height=\"313\" srcset=\"https:\/\/www.generaciohang.hu\/wp-content\/uploads\/2022\/04\/Nevtelen-1-1024x313.png 1024w, https:\/\/www.generaciohang.hu\/wp-content\/uploads\/2022\/04\/Nevtelen-1-300x92.png 300w, https:\/\/www.generaciohang.hu\/wp-content\/uploads\/2022\/04\/Nevtelen-1-768x234.png 768w, https:\/\/www.generaciohang.hu\/wp-content\/uploads\/2022\/04\/Nevtelen-1-1536x469.png 1536w, https:\/\/www.generaciohang.hu\/wp-content\/uploads\/2022\/04\/Nevtelen-1.png 1943w\" sizes=\"(max-width: 1024px) 100vw, 1024px\" \/><\/figure>\n\n\n\n<p>A kapcsolattart\u00e1si adatok\u00e9rt l\u00e1togasson el az <a href=\"https:\/\/www.generaciohang.hu\/?page_id=112\">el\u00e9rhet\u0151s\u00e9g\u00fcnk<\/a> men\u00fcpontra!<\/p>\n\n\n\n<div style=\"height:100px\" aria-hidden=\"true\" class=\"wp-block-spacer\"><\/div>\n\n\n\n<p><\/p>\n","protected":false},"excerpt":{"rendered":"<p>A kapcsolattart\u00e1si adatok\u00e9rt l\u00e1togasson el az el\u00e9rhet\u0151s\u00e9g\u00fcnk men\u00fcpontra!<\/p>\n","protected":false},"author":1,"featured_media":0,"parent":0,"menu_order":0,"comment_status":"closed","ping_status":"closed","template":"","meta":[],"_links":{"self":[{"href":"https:\/\/www.generaciohang.hu\/index.php?rest_route=\/wp\/v2\/pages\/247"}],"collection":[{"href":"https:\/\/www.generaciohang.hu\/index.php?rest_route=\/wp\/v2\/pages"}],"about":[{"href":"https:\/\/www.generaciohang.hu\/index.php?rest_route=\/wp\/v2\/types\/page"}],"author":[{"embeddable":true,"href":"https:\/\/www.generaciohang.hu\/index.php?rest_route=\/wp\/v2\/users\/1"}],"replies":[{"embeddable":true,"href":"https:\/\/www.generaciohang.hu\/index.php?rest_route=%2Fwp%2Fv2%2Fcomments&post=247"}],"version-history":[{"count":14,"href":"https:\/\/www.generaciohang.hu\/index.php?rest_route=\/wp\/v2\/pages\/247\/revisions"}],"predecessor-version":[{"id":285,"href":"https:\/\/www.generaciohang.hu\/index.php?rest_route=\/wp\/v2\/pages\/247\/revisions\/285"}],"wp:attachment":[{"href":"https:\/\/www.generaciohang.hu\/index.php?rest_route=%2Fwp%2Fv2%2Fmedia&parent=247"}],"curies":[{"name":"wp","href":"https:\/\/api.w.org\/{rel}","templated":true}]}}